5 + d/25. Suppose 45 + j = 2*s. List the prime factors of s.
3
Suppose 4*b - 69 - 63 = 0. What are the prime factors of -6*(b/(-9) + 1)?
2
Let o be 2/2 - (-30)/6. Suppose -4*d + 2 + o = 0. Suppose -8*t + 3*t + 19 = -d*v, 5*t = 4*v + 13. What are the prime factors of v?
3
Let s = -22 - -27. Suppose -r - x = -40, 2*r - s*r = 4*x - 116. List the prime factors of r.
2, 11
Let v(y) = 5*y - 12*y + 18*y**2 + 27*y**2 + 6 - 43*y**2. What are the prime factors of v(-6)?
2, 3, 5
Suppose -3*p + 28 = 5*u, 10 = 3*u + 2*u. List the prime factors of (-2)/p*-1413*4/6.
2, 157
Suppose -26 = 5*u - 5*k + 4, -4*u - 39 = -k. List the prime factors of (-724)/(-3) - (u/3 - -4).
241
Let r be (12/80 + (-4)/10)*-68. Let t = r + 81. What are the prime factors of t?
2, 7
Let d = 149 + -138. Let z(s) = s**3 - 8*s**2 - 8*s - 11. What are the prime factors of z(d)?
2, 3, 11
Suppose 7*y = 2441 + 3488. What are the prime factors of y?
7, 11
Let f(t) = t**2 + 2*t - 13. Let h be (-20)/(-6)*54/45. What are the prime factors of f(h)?
11
Suppose 2 = 3*x - 4. Suppose z + 105 = -x*z. Let g = 58 + z. List the prime factors of g.
23
Suppose 5*f - 2*f - 237 = 0. List the prime factors of f.
79
Let i(h) = -h**3 - h**2 + 6*h - 7. Let x be (((-36)/8)/(-9))/(2/(-24)). List the prime factors of i(x).
137
Let o be (-38)/4*2 + 1. Let t be o/(-63) - 192/(-14). Suppose -3*z = -55 - t. List the prime factors of z.
23
Suppose 3886*h - 3887*h = -1167. What are the prime factors of h?
3, 389
Let k = -5390 - -8096. What are the prime factors of k?
2, 3, 11, 41
Let c(w) = 5*w**2 + w - 1. Let r = -11 + 10. Let q be c(r). Suppose 0 = 3*u + 5*v - 13, -q*v + 5*v = 5*u - 32. What are the prime factors of u?
2, 3
Suppose -2*a - 10 = 0, 6*o + 3*a + 45 = 11*o. Let n(k) = 12*k + 5. What are the prime factors of n(o)?
7, 11
Suppose -160 = 2*r + 138. Let o = 34 - r. What are the prime factors of o?
3, 61
What are the prime factors of 6/9 + 10776/36?
2, 3, 5
Let i = -527 + 684. List the prime factors of i.
157
Suppose 2*h + h + 5*u - 2353 = 0, -2345 = -3*h - u. List the prime factors of h.
11, 71
Suppose 16 = -p - 1. Let n = 21 + p. Suppose 0 = b + l + 4*l - 43, -n*b - l + 77 = 0. List the prime factors of b.
2, 3
Suppose -11742 = -21*l - 255. What are the prime factors of l?
547
What are the prime factors of -1 - -579 - (-1 - 5)?
2, 73
Suppose 0 = -3*v + 16*v - 18109. List the prime factors of v.
7, 199
Suppose 2205 = 4*w - 391. Suppose -2*n = 2*k - 436, -4*k + w = -k - 2*n. List the prime factors of k.
7, 31
Suppose -8*v + 54 = -2*v. List the prime factors of v*14*(-4)/(-24).
3, 7
List the prime factors of 3*2/(-3)*1 + 619.
617
Let w = -72 - -485. What are the prime factors of w?
7, 59
Suppose -5*w = 5*r - 49 + 9, 0 = 2*r + 3*w - 13. Let z = r + -10. Suppose -4*s = y - 29, s + 5*y + z = 2*y. What are the prime factors of s?
2
Let m be -4 + 1 + (-3 - (-51)/3). Let b = 22 + m. What are the prime factors of b?
3, 11
What are the prime factors of (192/(-120))/(-1 + (-1383)/(-1385))?
2, 277
Let p = 51 - 53. List the prime factors of (-1570)/(-50) + p/5.
31
Suppose 2*d - 25 = 23. Let q = -2 + d. Let u = 44 - q. List the prime factors of u.
2, 11
Let q = 2947 - 2751. List the prime factors of q.
2, 7
Let n(s) = 6*s**3 - 9*s**2 + 12*s - 11. Let u(l) = -3*l**3 + 4*l**2 - 6*l + 5. Let w(b) = 6*n(b) + 13*u(b). List the prime factors of w(-5).
2, 3, 59
Let s(g) = 4*g + 14. Let p be s(-4). Let y = 75 + p. List the prime factors of y.
73
Suppose 5*h - 698 = -15*j + 14*j, -4*h = -4*j + 2672. What are the prime factors of j?
673
Let v = -34 - -38. Suppose 0 = -v*i + 3*u - 36, 5*i - 8 = 2*u - 60. What are the prime factors of ((-152)/(-12))/((-8)/i)?
19
Suppose 70 + 14 = 2*m + 4*l, m - 5*l - 49 = 0. Let a = -21 + m. List the prime factors of a.
23
Suppose -86*x + 77*x = -8793. List the prime factors of x.
977
Suppose 4*s + 44 = 248. Suppose 0 = -45*a + s*a - 552. List the prime factors of a.
2, 23
Suppose -69*y + 7374 = -63*y. List the prime factors of y.
1229
Let h(f) be the second derivative of 1/2*f**3 + 1/12*f**4 + 0 + 2*f**2 - 6*f. List the prime factors of h(-8).
2, 11
Let c(a) = 25*a + 67. Let r(q) = q - 2. Let j(f) = -c(f) + 6*r(f). List the prime factors of j(-19).
2, 3, 47
Let d(t) = 2*t + 11. Let q(n) = -n - 12. Let z(u) = -2*d(u) - 3*q(u). Let c be z(12). What are the prime factors of (-17)/c*(2 - 6)?
2, 17
Suppose 3*y - 2 - 58 = 0. Suppose y = 4*r + r. Suppose 5*l - 5*a = 20, 7 = -r*l + 2*a + 23. List the prime factors of l.
2
Let r be (-8)/2*3/(-6). Suppose c = 4*d + 2 + 39, 0 = -r*c - 5*d + 69. Let i = 53 - c. List the prime factors of i.
2
List the prime factors of (-4 + -14)*1362/(-9).
2, 3, 227
Suppose 5*f + 2*n = f + 14, -3*n = 2*f - 13. Suppose -f*q + 32 + 440 = 2*m, -708 = -3*q + 5*m. Suppose -q = 7*c - 11*c. What are the prime factors of c?
59
Suppose 0 = -3*w + 4 + 8. Suppose -5*q = -2*o + 166 - 53, -w*q + 2*o = 92. Let c = q - -53. What are the prime factors of c?
2
Let b = 242 + -85. List the prime factors of b.
157
Let q = 58 - 5. What are the prime factors of q?
53
Suppose 373 = 2*o - 849. What are the prime factors of o?
13, 47
Suppose 5*r - 4235 = -5*n, 2*r + r - 2553 = 3*n. List the prime factors of r.
3, 283
Let c(h) = -452*h - 12. Let o be c(-2). Suppose -4*q = -4*j - o, q + j - 677 = -2*q. List the prime factors of q.
3, 5
Let z(d) = -d**3 + 20*d**2 - 19*d + 28. Suppose 4*o - 80 = 3*m - 7*m, 5*o - 81 = -4*m. List the prime factors of z(m).
2, 7
Let h(u) = u**3 - 7*u**2 - 8*u + 1. Let r be h(8). Let d be (4/8*6)/r. Suppose -d*a + 0*a = -99. List the prime factors of a.
3, 11
Let z(c) = -86*c + 237. What are the prime factors of z(-24)?
3, 13, 59
Let a(i) = 0*i**2 + 32 + 13*i + 13*i**2 - 6*i. List the prime factors of a(-5).
2, 7, 23
Let i = 516 + -106. List the prime factors of i.
2, 5, 41
List the prime factors of (-4 - -8)/(2/423).
2, 3, 47
Suppose -4124 = -4*v - 3*o, 2*o = -6*v + 4*v + 2062. What are the prime factors of v?
1031
Let x be (0 - 28)*90/24. What are the prime factors of x/(-2)*(-24)/(-20)?
3, 7
Let w be (-32)/3 + ((-10)/(-6) - 1). What are the prime factors of (-134)/w*3 + (-1)/5?
2, 5
Let t(y) = -y**2 - y - 24. Let o be t(-5). Let p = o - -122. What are the prime factors of p?
2, 3, 13
Let l = 7 + 208. List the prime factors of l.
5, 43
Let n(v) be the first derivative of v**4/3 - v**3/6 + 2*v**2 + 12*v + 11. Let o(d) be the first derivative of n(d). List the prime factors of o(2).
2, 3
Suppose 5*v - o - 15 = 8, 0 = -5*o - 15. Suppose v*n - 67 - 189 = 0. Suppose 2*l + 0*b + 4*b - 44 = 0, n = 3*l + 5*b. What are the prime factors of l?
2, 3
Suppose 0 = -15*h + 13*h + 96. Suppose 3*j + h = 5*j. List the prime factors of j.
2, 3
Let t(j) = 158*j**2. What are the prime factors of t(-1)?
2, 79
Let r(m) = 2*m. Let a be r(-15). What are the prime factors of -38*(-25)/a*-3?
5, 19
Suppose -3*a + 29 = 5*t, -4*a = 5*t - 46 + 14. Suppose 5*u - 2*r - 1015 = 0, -a*u - 3*r = -4*r - 610. What are the prime factors of u?
5, 41
Let a = -3 - -7. Suppose -6 = -5*f - a*h, -3 - 4 = -5*f - 3*h. List the prime factors of (2 + 2 - -1)*f.
2, 5
Let k(t) = -53*t + 398. What are the prime factors of k(-11)?
3, 109
What are the prime factors of (338/(-6) - (-2 + -2))*-3?
157
Let o = -50 - -32. List the prime factors of (o/(-4))/((-12)/(-16)).
2, 3
What are the prime factors of ((-222)/8)/((-117)/312)?
2, 37
Let p = 5565 - 3889. List the prime factors of p.
2, 419
Suppose 0 = -17*k - 6*k + 27738. List the prime factors of k.
2, 3, 67
Suppose 0 = 4*h - o - 10, 4*h - 3*o - 2*o - 18 = 0. Suppose h*j - s + 454 = 5*j, 5*s - 446 = -3*j. List the prime factors of j.
2, 19
Let q(w) = w**3 + 5*w**2 - w + 4. Let o(z) be the second derivative of -z**4/6 + z**3/2 - 3*z**2/2 + 5*z. Let x be o(2). List the prime factors of q(x).
3
Suppose -3*n + 2543 - 338 = 3*m, 4*n = -2*m + 1480. List the prime factors of m.
2, 5, 73
Suppose 138*i = 141*i - 2295. What are the prime factors of i?
3, 5, 17
What are the prime factors of 57 - (24/(-1))/(-6)?
53
Let c(g) be the third derivative of -g**4/24 + 4*g**3/3 + 7*g**2. Let y be c(5). Suppose -4*q + 4*a = -120, -a - 39 = -q - y*a. What are the prime factors of q?
3, 11
Suppose -3*s - 5*i = -1323, 5*s - 2205 = -4*i + 9*i. List the prime factors of s.
3, 7
Suppose 7*i = -159 - 65. Lis